*i - 4. Let q be f(-5). What is the units digit of 5*(-4)/6*q?
0
Let l(d) = 402*d**2 - 6*d + 4. Let v be l(2). Suppose -30*w + 40*w - v = 0. What is the units digit of w?
0
Let m(k) = k**2 - 281*k - 63. What is the tens digit of m(-58)?
9
Let f be (11 - 17)*(-211 - (-1)/1). Suppose 2*q - 4*o - f = 0, -407 = -3*q - 5*o + 1505. What is the units digit of q?
4
Suppose 0 = 4*c - 5*v - 1427, 2*c - 721 = 3*v + 2*v. Suppose -3252 = -c*p + 349*p. What is the tens digit of p?
1
Let i = -867 - -869. Suppose -i*x + x = -1583. What is the tens digit of x?
8
Let u = 965 + -656. Let b = 652 - u. What is the units digit of b?
3
Let c = 4149 - -8063. What is the thousands digit of c?
2
Let b(x) = -x**2 + 3*x + 7. Let a be b(-6). Let l = a - -176. Let j = -61 + l. What is the tens digit of j?
6
Let w = -241 + 245. Suppose 771 = 3*z + 2*j - 1564, -w*z = 5*j - 3118. What is the tens digit of z?
7
Let h = 27189 - -9853. Suppose h = 24*x - 9662. What is the thousands digit of x?
1
Let f(z) = -81*z**2 + 2*z + 2 + 90*z**2 + 2. Suppose 5*k + 2*s = -28, 3*s = 2*k - k - 8. What is the hundreds digit of f(k)?
1
Suppose 2*a - 14410 = -3*b, -7*a - b + 36025 = -2*a. What is the hundreds digit of a?
2
Suppose 2*d - 3*d - 8 = 0. Let f = 20 + d. What is the units digit of 24*6/27*f?
4
Suppose 4*f - 1181 = 1627. Let c = -854 + 962. Suppose -c = -3*i + f. What is the tens digit of i?
7
Suppose -3*j = 2*j. Suppose 0*h + 4*h - m - 4 = 0, 2*h - m = j. Suppose -k - 2*k - n + 149 = 0, -k + 59 = -h*n. What is the tens digit of k?
5
Suppose 16 = -p - 2*i - 3*i, 5*p + 3*i - 30 = 0. Suppose 3*n - 16 = -b, 3*n = b + n + p. What is the units digit of b?
1
Let t(z) be the third derivative of z**5/30 + 3*z**4/8 - z**3 + 18*z**2. Let n be t(-9). Suppose 0 = -h + n + 107. What is the hundreds digit of h?
1
Suppose 0 = -5*t + 15 + 35. What is the units digit of (1 + 1 + -299)*t/(-30)?
9
Let n be 2*(-1 + (-3)/(18/15567)). Let z = -3439 - n. Suppose 2*f = -10*f + z. What is the tens digit of f?
4
Let t be 10*-1*3/(-6). Let d be ((-16)/t)/(1/5). Let m = 114 + d. What is the tens digit of m?
9
Let p(t) = 12 + 4225*t + 59 - 4199*t - t**2. What is the tens digit of p(20)?
9
Suppose 0 = 6*m + 3 - 27. Suppose y = m*y - 366. Suppose -244 = -4*w - 4*f, -2*w + 2*f + f + y = 0. What is the tens digit of w?
6
Suppose 0 = -15*u + 14*u + 21. Suppose -d = -4*y - 21, -d + 4 + u = -5*y. Suppose 0*p + 2*p - 2*g = 160, -d*g + 125 = 2*p. What is the units digit of p?
5
Let a be (-1 - 2 - -5)*2. Suppose a*r = -10*s + 5*s + 41, 3*r = -2*s + 22. Suppose -4*b + 200 = -r*o, -5*o - 8 = -3*o. What is the units digit of b?
6
Suppose -23 = -5*y - 3*a, 2*y = 3*y - 4*a. Suppose 4*l + y*g = 1800, 2*g = -4*l + 745 + 1045. What is the hundreds digit of l?
4
Let q(k) = 6*k - 18. Suppose -u - 3*z = -23, 0*u + 31 = 2*u + 3*z. What is the tens digit of q(u)?
3
Suppose 166*a + 1445517 = 227*a. What is the thousands digit of a?
3
What is the units digit of (-1 + (-18)/(-10))*29/(348/334590)?
6
Suppose 2*s - 24 = 2*l, 2*l = -5*s + 119 - 24. Suppose 208 = -16*j + s*j. What is the hundreds digit of j?
2
Let j(m) = -54*m + 2. Let b(u) be the first derivative of -27*u**2/2 + u - 13. Let d(y) = 7*b(y) - 4*j(y). What is the units digit of d(2)?
3
What is the thousands digit of 59/118*(1 - -12521)?
6
Suppose 0*m - 14 = -2*m + 2*g, -5*m - 3*g + 35 = 0. Let h(v) = 76*v - 3. What is the hundreds digit of h(m)?
5
Let v(r) be the first derivative of r**2/2 + 14*r - 17. Let w be v(-3). Suppose 90 = -w*x + 14*x. What is the tens digit of x?
3
What is the thousands digit of (5*(-200)/(-15))/(2/54)?
1
Let z(i) = 12*i**2 + 8*i + 11. Let w be z(-14). Suppose -711 + w = 7*s. What is the tens digit of s?
2
Let u(p) be the first derivative of 12*p**2 - 53*p + 158. Let n = 40 - 27. What is the units digit of u(n)?
9
Let s = 516 - 511. Suppose -s*p + 310 + 1307 = -4*m, -4*p - 5*m = -1269. What is the tens digit of p?
2
Let v(n) be the first derivative of 54*n**2 + 136*n - 11. What is the units digit of v(4)?
8
Suppose 12*o + 72 = 6*o. What is the tens digit of (-1160)/(-3) - 4/o?
8
Suppose 4*f + h - 98 = 0, -2*h = f - 0*f - 21. Let o = -18 + f. Suppose 11*d - 8 = o*d. What is the units digit of d?
2
Suppose -22*i - 6*i = -13216. Suppose 2*j - i = 554. What is the hundreds digit of j?
5
Let q(u) = 12*u**2 + 5*u + 2. Let v = -210 - -206. What is the hundreds digit of q(v)?
1
Let l(b) = 3*b**3 - 6*b**2 + 26*b - 37. Let f be l(11). Suppose 24*j - f - 5460 = 0. What is the tens digit of j?
7
Suppose 110162 = 4*s + 2*g, -23*s + 21*s + 55095 = -13*g. What is the units digit of s?
1
Suppose 17763 = -382*s + 385*s. What is the tens digit of s?
2
Let g(r) = 2*r**3 - 31 + 124 - 31 - 38 - r**3. Let y be (-2 + 3)*-1 - -1. What is the tens digit of g(y)?
2
Let c(d) = 15*d**2 - 25*d - 192. Let i be c(-6). Let z = i + 984. What is the hundreds digit of z?
4
Suppose 4*l = 8*l - 4*q + 20, 0 = -4*l - q. What is the hundreds digit of 395 - 2/2 - (5 + l)?
3
Suppose 3*b - 29138 = 19*g - 14*g, -3*b + 29178 = 3*g. What is the hundreds digit of b?
7
Let b = 787 - -61107. What is the tens digit of b?
9
Let a(s) be the third derivative of s**6/60 + s**5/15 - s**4/6 + 7*s**3/6 - 37*s**2. What is the units digit of a(6)?
9
Let h(v) = 6*v**2 - 6*v - 388. What is the units digit of h(58)?
8
Suppose 5*y = c + 13, 0 = -2*y - y + 9. Suppose 0 = -0*m + c*m - 1866. What is the tens digit of m?
3
Let f(z) = -1 - 15*z - 3 + 3 + 3. Let v be f(-3). Suppose -510 = -5*c - 5*m, 3*c + 2*m + v = 351. What is the hundreds digit of c?
1
What is the hundreds digit of (7047/(-58))/(3/(-18))?
7
Let z be 6/4*-2*5. What is the tens digit of (-6)/4*(12 + 16880/z)?
7
Let c = -147 - -139. Let a(l) = -132*l - 60. What is the tens digit of a(c)?
9
Let n(l) = l**3 - l**2 + 5*l + 9. Let i be (147/42)/(1/2). Let b be n(i). Let t = b - 158. What is the units digit of t?
0
Suppose 3*x + 7 = 19. Suppose 7 = -j - 5*t, -10 = -x*j - 3*t + 2*t. Suppose 924 = -j*y + 10*y. What is the tens digit of y?
3
What is the thousands digit of 43862/10 - 33/165?
4
Let c be -16 + 13 - (-1 + -5). Suppose -c*k - 477 + 156 = 0. Let u = k + 125. What is the tens digit of u?
1
Let c be ((-21)/14)/(3/42). Let d(o) = -63*o - 7. Let k be d(-6). What is the tens digit of k/c*6/(-2)?
5
Let f be 3/(4*(-5)/(-20)). Let h be (1 - f) + -2 + 28/(-1). Let j = h - -37. What is the units digit of j?
5
Let a(t) = t**2 + 3*t - 16. Let p(v) = 2*v**2 + 6*v - 31. Let d(i) = 5*a(i) - 3*p(i). Let b be d(4). Let c = 32 - b. What is the tens digit of c?
4
Suppose 6*p + 0*p + 144 = 0. Let b = p - -24. What is the units digit of (1 + b)/(-5 + 4) - -265?
4
Suppose 4*m - 34332 = -2*s, 0 = -12*s + 8*s + m + 68691. What is the hundreds digit of s?
1
Suppose 9*o - 14*o + 261317 = z, 5*z = 10. What is the units digit of o?
3
What is the thousands digit of (832/(-65))/16*1840/(-1)?
1
Let b(k) = -k**2 + 71*k - 147. What is the hundreds digit of b(57)?
6
Let b(i) = 3510*i - 24. Let c be b(1). Suppose 86*a + c = 92*a. What is the tens digit of a?
8
Let p(o) = -o**2 + 6*o + 9. Let k(c) = -c**3 + 7*c**2 + 20*c - 13. Let b be k(9). Suppose b*y - 72 = -7*y. What is the units digit of p(y)?
9
Suppose 0 = 7*p - 19*p + 4512. Let d = 487 - p. What is the tens digit of d?
1
What is the units digit of 30/(-34) - -1 - (-4 + 19589376/(-544))?
4
Let p(f) = -137*f - 4. Let h be p(-6). Suppose 211 = 3*j - h. Suppose 2*o + 5*l = 2*l + 149, 0 = -4*o + 3*l + j. What is the tens digit of o?
8
Suppose 0 = -3*j + 5*w - 4, 0 = 3*j - 5*w + 7*w - 10. What is the tens digit of (j - (-2238)/4) + 17/34?
6
Suppose -v + 53*c + 10167 = 55*c, 30516 = 3*v + 3*c. What is the hundreds digit of v?
1
Suppose 0 = 2*t + 4*l - 110786, 0 = -48*l + 44*l + 20. What is the tens digit of t?
8
Let h be ((-37)/(-4) - 36/(-48))*2. Let m = h - -115. What is the units digit of -4 + (-68)/(-16) - m/(-4)?
4
Let a(n) = -1333*n + 3853. What is the hundreds digit of a(-17)?
5
What is the ten thousands digit of (-2 - -4)*((-5)/4 - (-984852)/144)?
1
Suppose 13498 = -3*g - h + 40718, 0 = 4*g - 5*h - 36325. What is the tens digit of g?
7
Let q be (23 + (1 - -1))/(1/36). Suppose 0 = 5*p + n - 1762, 3*p - 5*n - q - 174 = 0. What is the units digit of p?
3
Suppose -27*m + 508485 = 55*m - 127425. What is the hundreds digit of m?
7